222615 is divided by 350.
15
What is the remainder when 4444 is divided by 81?
70
Calculate the remainder when 9067600 is divided by 41.
40
What is the remainder when 66987 is divided by 22299?
90
What is the remainder when 387 is divided by 143?
101
What is the remainder when 2727 is divided by 684?
675
What is the remainder when 15035 is divided by 27?
23
What is the remainder when 942 is divided by 63?
60
Calculate the remainder when 561051 is divided by 2328.
3
What is the remainder when 7991 is divided by 5865?
2126
What is the remainder when 31444 is divided by 21?
7
What is the remainder when 5944 is divided by 30?
4
Calculate the remainder when 41690 is divided by 69.
14
What is the remainder when 76639 is divided by 9?
4
What is the remainder when 1220 is divided by 1162?
58
Calculate the remainder when 29662 is divided by 29634.
28
What is the remainder when 90148 is divided by 2?
0
What is the remainder when 8839738 is divided by 21?
19
Calculate the remainder when 36082 is divided by 457.
436
What is the remainder when 1891 is divided by 1864?
27
What is the remainder when 44086 is divided by 3149?
0
Calculate the remainder when 46857 is divided by 10.
7
Calculate the remainder when 397722 is divided by 99425.
22
What is the remainder when 3473 is divided by 21?
8
What is the remainder when 2226 is divided by 438?
36
Calculate the remainder when 86180 is divided by 181.
24
Calculate the remainder when 2888 is divided by 710.
48
What is the remainder when 94999 is divided by 605?
14
What is the remainder when 6854 is divided by 326?
8
What is the remainder when 28546 is divided by 60?
46
Calculate the remainder when 51018 is divided by 20.
18
What is the remainder when 206313 is divided by 307?
9
What is the remainder when 1100349 is divided by 1042?
1039
What is the remainder when 9883 is divided by 979?
93
What is the remainder when 44050 is divided by 387?
319
What is the remainder when 1753 is divided by 428?
41
What is the remainder when 1570 is divided by 102?
40
Calculate the remainder when 887 is divided by 233.
188
Calculate the remainder when 898870 is divided by 26.
24
Calculate the remainder when 6648 is divided by 1660.
8
What is the remainder when 2275335 is divided by 44?
7
Calculate the remainder when 1195 is divided by 13.
12
What is the remainder when 3185 is divided by 876?
557
What is the remainder when 24825 is divided by 371?
339
What is the remainder when 958565 is divided by 609?
608
What is the remainder when 5954 is divided by 429?
377
Calculate the remainder when 435834 is divided by 61.
50
What is the remainder when 33625 is divided by 101?
93
Calculate the remainder when 55875 is divided by 1241.
30
Calculate the remainder when 67357 is divided by 109.
104
What is the remainder when 3292 is divided by 555?
517
What is the remainder when 517487 is divided by 24?
23
Calculate the remainder when 3631 is divided by 3623.
8
Calculate the remainder when 8572 is divided by 1567.
737
What is the remainder when 3468 is divided by 1356?
756
What is the remainder when 8726 is divided by 16?
6
What is the remainder when 43718 is divided by 118?
58
What is the remainder when 1890 is divided by 206?
36
What is the remainder when 641616 is divided by 139?
131
What is the remainder when 1742 is divided by 172?
22
What is the remainder when 65294 is divided by 16?
14
Calculate the remainder when 33719 is divided by 33.
26
Calculate the remainder when 543969 is divided by 132.
129
Calculate the remainder when 353624 is divided by 627.
623
Calculate the remainder when 19791 is divided by 45.
36
Calculate the remainder when 8771 is divided by 984.
899
Calculate the remainder when 1669 is divided by 1669.
0
What is the remainder when 3842 is divided by 311?
110
What is the remainder when 25144 is divided by 548?
484
Calculate the remainder when 73180 is divided by 60.
40
What is the remainder when 31362 is divided by 1494?
1482
Calculate the remainder when 5123 is divided by 150.
23
Calculate the remainder when 4593 is divided by 575.
568
What is the remainder when 74 is divided by 61?
13
Calculate the remainder when 33782 is divided by 51.
20
What is the remainder when 1292674 is divided by 430891?
1
Calculate the remainder when 4049 is divided by 116.
105
Calculate the remainder when 118777 is divided by 300.
277
What is the remainder when 3405 is divided by 215?
180
Calculate the remainder when 39854 is divided by 90.
74
What is the remainder when 1238 is divided by 133?
41
What is the remainder when 48151 is divided by 104?
103
What is the remainder when 1054155 is divided by 1802?
1787
Calculate the remainder when 1490007 is divided by 23.
21
What is the remainder when 223649 is divided by 315?
314
What is the remainder when 1589595 is divided by 677?
676
Calculate the remainder when 6083 is divided by 2.
1
Calculate the remainder when 25454 is divided by 181.
114
Calculate the remainder when 9786 is divided by 96.
90
What is the remainder when 33734 is divided by 363?
338
What is the remainder when 91098 is divided by 556?
470
What is the remainder when 5034 is divided by 1652?
78
Calculate the remainder when 577809 is divided by 41.
37
What is the remainder when 145564 is divided by 35?
34
What is the remainder when 841 is divided by 402?
37
What is the remainder when 519 is divided by 287?
232
Calculate the remainder when 35674 is divided by 198.
34
What is the remainder when 531807 is divided by 10636?
7
What is the remainder when 4196 is divided by 827?
61
What is the remainder when 2100 is divided by 415?
25
What is the remainder when 15886 is divided by 37?
13
Calculate the remainder when 170997 is divided by 380.
377
Calculate the remainder when 179287 is divided by 235.
217
Calculate the remainder when 110874 is divided by 4.
2
Calculate the remainder when 872 is divided by 172.
12
Calculate the remainder when 218046 is divided by 35.
31
Calculate the remainder when 10432 is divided by 3473.
13
Calculate the remainder when 2787 is divided by 1243.
301
What is the remainder when 1031 is divided by 294?
149
Calculate the remainder when 39030 is divided by 70.
40
What is the remainder when 12917 is divided by 29?
12
Calculate the remainder when 2839 is divided by 2828.
11
What is the remainder when 13832636 is divided by 2203?
2202
What is the remainder when 476142 is divided by 125?
17
Calculate the remainder when 6740 is divided by 2241.
17
What is the remainder when 96527 is divided by 16?
15
Calculate the remainder when 14933 is divided by 32.
21
Calculate the remainder when 5326 is divided by 54.
34
What is the remainder when 243707 is divided by 34814?
9
Calculate the remainder when 21550 is divided by 3510.
490
Calculate the remainder when 9880 is divided by 651.
115
Calculate the remainder when 378194 is divided by 14.
12
Calculate the remainder when 264 is divided by 15.
9
Calculate the remainder when 23609 is divided by 7.
5
What is the remainder when 3931 is divided by 9?
7
What is the remainder when 41718 is divided by 1217?
340
What is the remainder when 699 is divided by 581?
118
Calculate the remainder when 63593 is divided by 1382.
21
What is the remainder when 55025 is divided by 55010?
15
What is the remainder when 35937 is divided by 83?
81
What is the remainder when 19493 is divided by 383?
343
Calculate the remainder when 600875 is divided by 731.
724
Calculate the remainder when 61992 is divided by 30948.
96
Calculate the remainder when 1829 is divided by 436.
85
What is the remainder when 2857 is divided by 708?
25
Calculate the remainder when 3009 is divided by 225.
84
What is the remainder when 4462535 is divided by 26?
25
Calculate the remainder when 9461 is divided by 3054.
299
Calculate the remainder when 4285 is divided by 1412.
49
What is the remainder when 303682 is divided by 52?
2
Calculate the remainder when 2130 is divided by 66.
18
Calculate the remainder when 16606 is divided by 144.
46
What is the remainder when 63552 is divided by 48?
0
What is the remainder when 1502 is divided by 1439?
63
Calculate the remainder when 998026 is divided by 22.
18
What is the remainder when 1399111 is divided by 1?
0
Calculate the remainder when 15260 is divided by 609.
35
What is the rem